at is the greatest common divisor of p and 6045?
65
Suppose -3*q - r + 239 = 0, q = 4*r + r + 53. Suppose 48*n + q = 51*n. Calculate the greatest common factor of n and 702.
26
Let v = 67792 - 67645. Let d be (15 + -1)/((-4)/(-6)). Calculate the greatest common divisor of v and d.
21
Suppose 0 = -2*u + 8 + 4. Let y(w) = 755*w - 11*w**2 - 1 - 299*w + 6 - 372*w. Let h be y(7). What is the greatest common factor of u and h?
6
Suppose -56*o + 54*o = i - 567, 0 = 4*i - 2*o - 2208. What is the greatest common factor of i and 888?
111
Let d be (4/(-6))/((-12)/(1506 + 6)). Let p = 53 - 51. Suppose -3*w + 34 = 2*q, -4*w = p*q - 39 - 7. Calculate the highest common factor of d and w.
12
Let p be ((1247/(-87))/43)/((-1256)/1254 + 1). What is the highest common factor of 1452 and p?
11
Suppose -950368 = -287*w + 1488271. Calculate the highest common divisor of 29 and w.
29
Let g = 17714 + -17207. Calculate the greatest common factor of g and 468.
39
Suppose 0 = -39*l - 74*l + 140007. What is the highest common factor of 21 and l?
21
Let h(w) = w**3 + 13*w**2 - 4*w - 42. Let q be h(-7). What is the highest common factor of q and 240?
40
Let n = 5 + 16. Suppose -4105 = -n*x + 2279. Calculate the highest common factor of x and 16.
16
Suppose -5*l + 70 = r, -4*l - 2*r + r + 57 = 0. Let n(u) = -14*u + 44*u - 1 - 12*u - 17*u. Let v be n(l). What is the greatest common divisor of 24 and v?
12
Suppose -146*n - 110*n + 28672 = 0. Let y be (-4)/10 - (-1402)/5. What is the greatest common divisor of y and n?
56
Suppose 8 = 2*k - 14. Suppose g - 23 = -3*h, 3*h + 0*h = -4*g + k. Suppose 103 = 7*s - h. What is the greatest common factor of s and 16?
16
Let k = 1222 + -862. Suppose -3*y + 0*g + 5*g + 145 = 0, 4*y + 4*g - 140 = 0. What is the greatest common divisor of k and y?
40
Let w = -1081 + 1640. Suppose -w = 6*k - 1357. Calculate the highest common divisor of k and 14.
7
Let t = 25 + -23. Suppose -z + t = -1, -2*o + 211 = -3*z. What is the greatest common factor of o and 275?
55
Let r be 8/(4*(-4)/(-8)) - 0. Suppose -2*i = -28 + 8. Suppose -3*n - 2*n + i = 0. Calculate the greatest common factor of r and n.
2
Let i = 552 - 549. Suppose -229 = -i*n + 599. Calculate the greatest common factor of n and 115.
23
Let i be -4*(-732)/112 - (-19)/(-133). Calculate the greatest common factor of 10933 and i.
13
Let h(u) = -6 - 17*u + 14 + 0 - 6. Let m be h(-4). Let p be (84/8)/((-27)/(-36)). What is the highest common factor of p and m?
14
Suppose -729 = -31*t - 50*t. Calculate the greatest common divisor of t and 2.
1
Suppose -17*w = -3*s - 10*w + 27410, 0 = -4*s - 3*w + 36633. What is the highest common divisor of s and 81?
81
Let s = 1035 - 647. Suppose 60 = 394*c - s*c. Calculate the highest common factor of 190 and c.
10
Let n be (-16)/(-88) + 1326/(-33). Let x = n + 67. Calculate the greatest common divisor of 27 and x.
27
Suppose 11*x - 730 - 1470 = 0. Suppose -3*k + 2*l + 140 = 0, 0*k + k = -3*l + 65. What is the highest common factor of x and k?
50
Let a be -1 + 2 + 84/4*2. Suppose -39*r - 100 = -a*r. What is the highest common divisor of r and 25?
25
Suppose 3*t = -2*i + 17652, 5*i = -285*t + 288*t - 17673. What is the greatest common factor of 135 and t?
27
Suppose -14 = 7*w - 1274. Suppose 7*s + 9 = 4*s. Let n be (w/(-3))/4*(s - 0). Calculate the highest common factor of 15 and n.
15
Let h be (-2)/(-1) + (-1)/(5/(-305)). Let f = h - 59. Suppose f*c = 77 - 21. Calculate the highest common divisor of c and 14.
14
Let j(m) = -7*m + 368. Let a be j(41). What is the highest common factor of 999 and a?
27
Let c(x) = x**2 + 13*x - 992. Let k be c(27). What is the highest common factor of 220 and k?
44
Let s = -3916 - -4034. Calculate the greatest common factor of s and 1.
1
Let o(n) = n**3 - 3*n**2 + 7. Let h be o(5). Let t = -6751 - -6922. Calculate the greatest common divisor of h and t.
57
Let u(f) = -f**3 - f**2 + 7*f - 2. Let l be u(-4). Let r be ((1 - -121) + -10)*l/8. What is the greatest common divisor of r and 28?
28
Let d(y) = y**3 - 28*y**2 + 104*y - 88. Let o be d(24). Calculate the highest common divisor of 13 and o.
13
Let k = 962 + -571. Let i = 457 - k. What is the highest common divisor of 55 and i?
11
Let p(q) = 3*q**2 - 12*q - 40. Let w be p(8). Calculate the highest common divisor of 15792 and w.
56
Let t = 58 - -53. Suppose 3*p + 5*p = 2526 - 454. What is the highest common factor of p and t?
37
Let x = 4938 + -1495. What is the highest common factor of x and 22?
11
Let c(w) = 1687*w + 10127. Let j be c(-6). Let k be (150 - 2) + (0 - 2). Let z = -96 + k. What is the highest common factor of j and z?
5
Suppose -641*n - 3 = -646*n - 4*r, -3 = -2*n - r. Calculate the highest common divisor of 879 and n.
3
Let q(i) = -74*i - 85. Let z be q(-5). Suppose 0 = 4*j - 2*j - 3*b - 145, -z = -4*j + 5*b. Calculate the highest common factor of j and 13.
13
Let d(i) = i**2 + 4*i - 3. Let a be d(5). Suppose 0 = 13*g - 153 - a. What is the highest common factor of g and 435?
15
Suppose r + 29 = 2*i, -2*r + 47 = i + 2*i. Let t(u) = 53*u**2 - 19*u - 15. Let m be t(5). What is the highest common divisor of m and i?
15
Suppose 3*j = 64 + 50. Let i = -69 + 32. Let g = i + j. Calculate the greatest common factor of g and 5.
1
Suppose -77 = -u - 5*x - 1, -4*u = 3*x - 372. Suppose -708*d - 7450 = -32938. What is the greatest common divisor of d and u?
12
Suppose -22*i = -375 + 1475. Let v be (-35 + -2 - -2) + -1. Let a = v - i. Calculate the greatest common factor of a and 7.
7
Let p(i) = 2*i + 3762. Let c be p(-26). What is the greatest common divisor of c and 35?
35
Let a(k) = 43*k - 36. Let o be a(2). Suppose 3*v + 4*r - 181 = 0, -4*v - 4*r - o + 294 = 0. Calculate the greatest common factor of 42 and v.
21
Let k(u) = 16*u + 22. Let v be k(-1). Suppose l = 5*r + 288, -3*l + r - v*r + 864 = 0. Calculate the greatest common divisor of l and 32.
32
Let f = 10 + 26. Let l(r) = 5*r - 6. Let z be l(4). Suppose f = z*y - 34. What is the highest common factor of y and 35?
5
Let n = -193 - -207. Let q(z) = 5*z**2 + 3*z - 5. Let m be q(2). What is the greatest common divisor of n and m?
7
Let j = 1726 + 86. What is the highest common factor of j and 12?
12
Let x(n) = n**3 - 4*n**2 - 14*n - 11. Let v be x(-5). Let k = 181 + v. Calculate the highest common divisor of 435 and k.
15
Let k = -1836 - -6910. Calculate the highest common divisor of k and 118.
118
Let b(r) = r**3 + 47*r**2 + 17*r + 916. Let y be b(-47). Calculate the greatest common divisor of 1014 and y.
39
Suppose 58*y = 71*y - 299. Suppose 0 = -0*t + y*t - 552. Calculate the highest common factor of t and 84.
12
Suppose -4*k - 5*y = -1364, -4*y = 4*k - 1017 - 343. What is the greatest common factor of 256 and k?
16
Suppose 5*a - 11 = -1. Let i(p) = 7*p + p**a + 8 + 13 + 9*p. Let g be i(-15). What is the highest common factor of g and 24?
6
Suppose -r = -14*r + 2145. Let n = 303 - r. Calculate the highest common factor of n and 322.
46
Let l be 2 + (1366/4 - 48/(-96)). Calculate the highest common factor of 8 and l.
8
Let o be (-2)/5*-5*(1 - 0). Let f be 853/o + 78/(-52). What is the highest common divisor of f and 25?
25
Let a(m) = -m + 3. Let v be a(-1). Let t be v - (-127 + (-6 - -1)). Calculate the greatest common factor of t and 68.
68
Let k be (-7)/(-4 + (-60)/(-16)). Let f be (-1*21)/((-45)/60). Suppose i = -i - 3*w + f, -k = -4*i + w. Calculate the greatest common divisor of i and 104.
8
Suppose 5*h - 4*u = 3101, 120*h - 5*u - 3100 = 115*h. Calculate the highest common factor of 189 and h.
27
Let f(m) = -17*m**3 - 2*m**2 - 2*m - 2. Let o be f(-2). Suppose 1037 + 1846 + 417 = 66*s. What is the highest common factor of o and s?
10
Let f(p) = 4*p - 3. Let o be f(2). Suppose 4075 - 3025 = 21*d. Calculate the highest common divisor of o and d.
5
Let s be (-2)/(-7)*(50 + -36). Suppose s*m - 752 = -0*y - 4*y, -192 = -m - 5*y. Let o(v) = 3*v + 2. Let t be o(5). What is the highest common factor of m and t?
17
Let i be (-2)/10 + 76/5. Suppose 4 = -34*t + 38*t. Suppose 2*p + 5*h - 34 = -p, -3*p + 2*h - t = 0. Calculate the greatest common factor of i and p.
3
Let i be 0/(-38) + (2 - -3). Calculate the greatest common divisor of i and 2460.
5
Let m(w) = -92*w - 172. Let k be m(-5). Suppose 3*z + 876 = 3*x, 0 = -x + 7*z